{"id":1190,"date":"2024-10-06T12:42:45","date_gmt":"2024-10-06T12:42:45","guid":{"rendered":"https:\/\/karnansukuseura.fi\/?page_id=1190"},"modified":"2024-10-06T13:01:26","modified_gmt":"2024-10-06T13:01:26","slug":"sukututkimus","status":"publish","type":"page","link":"http:\/\/karnansukuseura.fi\/index.php\/sukututkimus\/","title":{"rendered":"Sukututkimus"},"content":{"rendered":"\n<h3 class=\"wp-block-heading\">Sukututkimus K\u00e4rn\u00e4n Sukuseurassa<\/h3>\n\n\n\n<p>K\u00e4rn\u00e4n sukuseura panostaa aktiivisesti suvun historian ja juurien vaalimiseen sukututkimuksen avulla. Sukututkimus antaa meille mahdollisuuden ymm\u00e4rt\u00e4\u00e4 paremmin menneisyytt\u00e4mme ja rakentaa siltaa tuleville sukupolville. Tutkimuksen kautta pyrimme selvitt\u00e4m\u00e4\u00e4n suvun tarinaa, yksitt\u00e4isi\u00e4 sukupolvia ja niiden vaiheita aina mahdollisimman kauas menneisyyteen.<\/p>\n\n\n\n<p><strong>Sukututkimuksen merkitys:<\/strong><\/p>\n\n\n\n<ul class=\"wp-block-list\">\n<li>Sukututkimus auttaa meit\u00e4 selvitt\u00e4m\u00e4\u00e4n sukumme juuria ja alkuper\u00e4\u00e4.<\/li>\n\n\n\n<li>Se tarjoaa arvokasta tietoa esivanhemmistamme ja heid\u00e4n elinoloistaan.<\/li>\n\n\n\n<li>Sukututkimuksen avulla voimme s\u00e4ilytt\u00e4\u00e4 tietoa tuleville sukupolville ja vahvistaa yhteytt\u00e4 sukuumme.<\/li>\n<\/ul>\n\n\n\n<p><strong>Sukututkimusmateriaalit:<\/strong> K\u00e4rn\u00e4n sukuseura kokoaa ja s\u00e4ilytt\u00e4\u00e4 kattavia sukututkimustietoja, joihin j\u00e4senet voivat tutustua. Materiaalit sis\u00e4lt\u00e4v\u00e4t muun muassa sukutauluja, perheiden tarinoita, valokuvia ja muita dokumentteja. N\u00e4it\u00e4 tietoja p\u00e4ivitet\u00e4\u00e4n s\u00e4\u00e4nn\u00f6llisesti, ja j\u00e4senill\u00e4 on mahdollisuus t\u00e4ydent\u00e4\u00e4 niit\u00e4 omilla tiedoillaan.<\/p>\n\n\n\n<p><strong>Osallistu sukututkimukseen:<\/strong> Kaikki sukuseuran j\u00e4senet ovat tervetulleita osallistumaan sukututkimuksen tekemiseen. Jos sinulla on tietoa omasta sukuhaarastasi, vanhoja valokuvia tai asiakirjoja, voit auttaa t\u00e4ydent\u00e4m\u00e4\u00e4n yhteist\u00e4 perim\u00e4tietoamme. Sukututkimuksen tekeminen on yhteis\u00f6llist\u00e4 ty\u00f6t\u00e4, ja jokainen pieni tiedonmurunen on arvokas osa suurta kokonaisuutta.<\/p>\n\n\n\n<p><strong>Kysy lis\u00e4\u00e4 sukututkimuksesta:<\/strong> Jos haluat lis\u00e4tietoja K\u00e4rn\u00e4n suvun sukututkimuksesta tai haluat osallistua tutkimukseen, ota yhteytt\u00e4 sukuseuran sukututkimusvastaaviin Seija M K\u00e4rn\u00e4\u00e4n ja Yrj\u00f6 K\u00e4rn\u00e4\u00e4n, heid\u00e4n yhteystietonsa l\u00f6yd\u00e4t <a href=\"https:\/\/karnansukuseura.fi\/index.php\/yhteystiedot\/\" data-type=\"page\" data-id=\"13\">Yhteystiedot<\/a> sivulta. Voimme auttaa sinua l\u00f6yt\u00e4m\u00e4\u00e4n omat juuresi ja ymm\u00e4rt\u00e4m\u00e4\u00e4n, miten ne liittyv\u00e4t suurempaan sukuhistoriaamme.<\/p>\n\n\n\n<p>Sukututkimus ei ole pelk\u00e4st\u00e4\u00e4n historian tutkimista, vaan se on el\u00e4v\u00e4 silta menneisyyden ja tulevaisuuden v\u00e4lill\u00e4. Yhdess\u00e4 pid\u00e4mme huolta siit\u00e4, ett\u00e4 K\u00e4rn\u00e4n suvun tarina s\u00e4ilyy ja kasvaa!<\/p>\n\n\n\n<p><\/p>\n\n\n\n<p><\/p>\n","protected":false},"excerpt":{"rendered":"<p>Sukututkimus K\u00e4rn\u00e4n Sukuseurassa K\u00e4rn\u00e4n sukuseura panostaa aktiivisesti suvun historian ja juurien vaalimiseen sukututkimuksen avulla. Sukututkimus antaa meille mahdollisuuden ymm\u00e4rt\u00e4\u00e4 paremmin menneisyytt\u00e4mme ja rakentaa siltaa tuleville sukupolville. Tutkimuksen kautta pyrimme selvitt\u00e4m\u00e4\u00e4n suvun tarinaa, yksitt\u00e4isi\u00e4 sukupolvia ja niiden vaiheita aina mahdollisimman kauas menneisyyteen. Sukututkimuksen merkitys: Sukututkimusmateriaalit: K\u00e4rn\u00e4n sukuseura kokoaa ja s\u00e4ilytt\u00e4\u00e4 kattavia sukututkimustietoja, joihin j\u00e4senet voivat tutustua. [&hellip;]<\/p>\n","protected":false},"author":1,"featured_media":0,"parent":0,"menu_order":0,"comment_status":"closed","ping_status":"closed","template":"","meta":{"footnotes":""},"class_list":["post-1190","page","type-page","status-publish","hentry"],"jetpack_sharing_enabled":true,"_links":{"self":[{"href":"http:\/\/karnansukuseura.fi\/index.php\/wp-json\/wp\/v2\/pages\/1190","targetHints":{"allow":["GET"]}}],"collection":[{"href":"http:\/\/karnansukuseura.fi\/index.php\/wp-json\/wp\/v2\/pages"}],"about":[{"href":"http:\/\/karnansukuseura.fi\/index.php\/wp-json\/wp\/v2\/types\/page"}],"author":[{"embeddable":true,"href":"http:\/\/karnansukuseura.fi\/index.php\/wp-json\/wp\/v2\/users\/1"}],"replies":[{"embeddable":true,"href":"http:\/\/karnansukuseura.fi\/index.php\/wp-json\/wp\/v2\/comments?post=1190"}],"version-history":[{"count":2,"href":"http:\/\/karnansukuseura.fi\/index.php\/wp-json\/wp\/v2\/pages\/1190\/revisions"}],"predecessor-version":[{"id":1199,"href":"http:\/\/karnansukuseura.fi\/index.php\/wp-json\/wp\/v2\/pages\/1190\/revisions\/1199"}],"wp:attachment":[{"href":"http:\/\/karnansukuseura.fi\/index.php\/wp-json\/wp\/v2\/media?parent=1190"}],"curies":[{"name":"wp","href":"https:\/\/api.w.org\/{rel}","templated":true}]}}