{"id":1103,"date":"2024-10-05T18:12:51","date_gmt":"2024-10-05T18:12:51","guid":{"rendered":"http:\/\/karnansukuseura.fi\/?page_id=1103"},"modified":"2026-02-19T12:36:22","modified_gmt":"2026-02-19T12:36:22","slug":"tietoa-seurastamme","status":"publish","type":"page","link":"http:\/\/karnansukuseura.fi\/index.php\/tietoa-seurastamme\/","title":{"rendered":"Tietoa seurastamme"},"content":{"rendered":"\n<p>K\u00e4rn\u00e4n Sukuseura Ry on sukuj\u00e4rjest\u00f6, jonka tarkoituksena on s\u00e4ilytt\u00e4\u00e4 ja vaalia K\u00e4rn\u00e4n suvun historiaa, perinteit\u00e4 ja yhteydenpitoa. Seura ker\u00e4\u00e4 talteen suvun vaiheita, valokuvia ja tarinoita, jotka rikastuttavat sukututkimusta ja edist\u00e4v\u00e4t sukulaisten yhteenkuuluvuutta. Vuonna 1982 Joensuussa perustetun seuran tavoitteena on yll\u00e4pit\u00e4\u00e4 sukukulttuuria sek\u00e4 kannustaa sukututkimuksen jatkuvaan kehitt\u00e4miseen. Seura j\u00e4rjest\u00e4\u00e4 s\u00e4\u00e4nn\u00f6llisesti sukutapaamisia eri puolilla Suomea, joissa suvun j\u00e4senet kokoontuvat vahvistamaan yhteytt\u00e4 toisiinsa ja jakamaan kokemuksiaan.<\/p>\n\n\n\n<p>Seura kokoontuu vuosittain ja pit\u00e4\u00e4 hallituksen kokouksia. Viimeisin sukutapaaminen pidettiin Lappaj\u00e4rvell\u00e4, miss\u00e4 osallistujat nauttivat muun muassa kes\u00e4teatteriesityksest\u00e4. K\u00e4rn\u00e4n Sukuseurassa on t\u00e4ll\u00e4 hetkell\u00e4 noin 200 j\u00e4sent\u00e4 ja sen taloudellinen tilanne on vakaalla pohjalla. J\u00e4senmaksu on 20 euroa vuodessa. Seuramme julkaisee K\u00e4rn\u00e4-sukuun liittyv\u00e4\u00e4 kirjallisuutta, joka tukee sukututkimusta ja tuo esiin suvun merkitt\u00e4v\u00e4\u00e4 historiaa.<\/p>\n\n\n\n<p>Sukututkimus on jatkuva prosessi, eik\u00e4 koskaan t\u00e4ysin valmis. K\u00e4rn\u00e4n Sukuseura vastaanottaa jatkuvasti uutta tietoa eri sukuhaaroista ymp\u00e4ri Suomen ja tallentaa sen tulevien sukupolvien hy\u00f6dyksi. Tavoitteemme on s\u00e4ilytt\u00e4\u00e4 ja jakaa suvun tarina ja arvokas perint\u00f6 tulevaisuuteen.<\/p>\n\n\n\n<p><\/p>\n","protected":false},"excerpt":{"rendered":"<p>K\u00e4rn\u00e4n Sukuseura Ry on sukuj\u00e4rjest\u00f6, jonka tarkoituksena on s\u00e4ilytt\u00e4\u00e4 ja vaalia K\u00e4rn\u00e4n suvun historiaa, perinteit\u00e4 ja yhteydenpitoa. Seura ker\u00e4\u00e4 talteen suvun vaiheita, valokuvia ja tarinoita, jotka rikastuttavat sukututkimusta ja edist\u00e4v\u00e4t sukulaisten yhteenkuuluvuutta. Vuonna 1982 Joensuussa perustetun seuran tavoitteena on yll\u00e4pit\u00e4\u00e4 sukukulttuuria sek\u00e4 kannustaa sukututkimuksen jatkuvaan kehitt\u00e4miseen. Seura j\u00e4rjest\u00e4\u00e4 s\u00e4\u00e4nn\u00f6llisesti sukutapaamisia eri puolilla Suomea, joissa suvun [&hellip;]<\/p>\n","protected":false},"author":1,"featured_media":0,"parent":0,"menu_order":2,"comment_status":"closed","ping_status":"closed","template":"","meta":{"footnotes":""},"class_list":["post-1103","page","type-page","status-publish","hentry"],"jetpack_sharing_enabled":true,"_links":{"self":[{"href":"http:\/\/karnansukuseura.fi\/index.php\/wp-json\/wp\/v2\/pages\/1103","targetHints":{"allow":["GET"]}}],"collection":[{"href":"http:\/\/karnansukuseura.fi\/index.php\/wp-json\/wp\/v2\/pages"}],"about":[{"href":"http:\/\/karnansukuseura.fi\/index.php\/wp-json\/wp\/v2\/types\/page"}],"author":[{"embeddable":true,"href":"http:\/\/karnansukuseura.fi\/index.php\/wp-json\/wp\/v2\/users\/1"}],"replies":[{"embeddable":true,"href":"http:\/\/karnansukuseura.fi\/index.php\/wp-json\/wp\/v2\/comments?post=1103"}],"version-history":[{"count":3,"href":"http:\/\/karnansukuseura.fi\/index.php\/wp-json\/wp\/v2\/pages\/1103\/revisions"}],"predecessor-version":[{"id":1318,"href":"http:\/\/karnansukuseura.fi\/index.php\/wp-json\/wp\/v2\/pages\/1103\/revisions\/1318"}],"wp:attachment":[{"href":"http:\/\/karnansukuseura.fi\/index.php\/wp-json\/wp\/v2\/media?parent=1103"}],"curies":[{"name":"wp","href":"https:\/\/api.w.org\/{rel}","templated":true}]}}